{"id":20,"date":"2024-11-12T07:55:26","date_gmt":"2024-11-12T07:55:26","guid":{"rendered":"https:\/\/moralmoragoasesores.deditec.dev\/?page_id=20"},"modified":"2024-11-20T07:51:32","modified_gmt":"2024-11-20T07:51:32","slug":"contabilidad","status":"publish","type":"page","link":"https:\/\/moralmoragoasesores.deditec.dev\/index.php\/contabilidad\/","title":{"rendered":"Contabilidad"},"content":{"rendered":"\t\t<div data-elementor-type=\"wp-page\" data-elementor-id=\"20\" class=\"elementor elementor-20\" data-elementor-post-type=\"page\">\n\t\t\t\t<div class=\"elementor-element elementor-element-6a95aa45 e-flex e-con-boxed wpr-particle-no wpr-jarallax-no wpr-parallax-no wpr-sticky-section-no e-con e-parent\" data-id=\"6a95aa45\" data-element_type=\"container\" data-settings=\"{&quot;background_background&quot;:&quot;classic&quot;}\">\n\t\t\t\t\t<div class=\"e-con-inner\">\n\t\t<div class=\"elementor-element elementor-element-348d6003 e-flex e-con-boxed wpr-particle-no wpr-jarallax-no wpr-parallax-no wpr-sticky-section-no e-con e-child\" data-id=\"348d6003\" data-element_type=\"container\">\n\t\t\t\t\t<div class=\"e-con-inner\">\n\t\t\t\t<div class=\"elementor-element elementor-element-7e7e75ce elementor-invisible elementor-widget elementor-widget-heading\" data-id=\"7e7e75ce\" data-element_type=\"widget\" data-settings=\"{&quot;_animation&quot;:&quot;fadeInUp&quot;}\" data-widget_type=\"heading.default\">\n\t\t\t\t<div class=\"elementor-widget-container\">\n\t\t\t<h1 class=\"elementor-heading-title elementor-size-default\">Contabilidad<\/h1>\t\t<\/div>\n\t\t\t\t<\/div>\n\t\t\t\t\t<\/div>\n\t\t\t\t<\/div>\n\t\t\t\t\t<\/div>\n\t\t\t\t<\/div>\n\t\t<div class=\"elementor-element elementor-element-2d448f4f e-flex e-con-boxed wpr-particle-no wpr-jarallax-no wpr-parallax-no wpr-sticky-section-no e-con e-parent\" data-id=\"2d448f4f\" data-element_type=\"container\" data-settings=\"{&quot;background_background&quot;:&quot;classic&quot;}\">\n\t\t\t\t\t<div class=\"e-con-inner\">\n\t\t\t\t<div class=\"elementor-element elementor-element-17030796 elementor-widget elementor-widget-spacer\" data-id=\"17030796\" data-element_type=\"widget\" data-widget_type=\"spacer.default\">\n\t\t\t\t<div class=\"elementor-widget-container\">\n\t\t\t\t\t<div class=\"elementor-spacer\">\n\t\t\t<div class=\"elementor-spacer-inner\"><\/div>\n\t\t<\/div>\n\t\t\t\t<\/div>\n\t\t\t\t<\/div>\n\t\t\t\t<div class=\"elementor-element elementor-element-113cf233 elementor-invisible elementor-widget elementor-widget-elementskit-heading\" data-id=\"113cf233\" data-element_type=\"widget\" data-settings=\"{&quot;_animation&quot;:&quot;fadeInUp&quot;}\" data-widget_type=\"elementskit-heading.default\">\n\t\t\t\t<div class=\"elementor-widget-container\">\n\t\t\t<div class=\"ekit-wid-con\" ><div class=\"ekit-heading elementskit-section-title-wraper text_center   ekit_heading_tablet-   ekit_heading_mobile-\"><h2 class=\"ekit-heading--title elementskit-section-title \"><span><span>Asesoramiento<\/span><\/span> contable<\/h2><\/div><\/div>\t\t<\/div>\n\t\t\t\t<\/div>\n\t\t\t\t<div class=\"elementor-element elementor-element-c6b17af elementor-widget elementor-widget-text-editor\" data-id=\"c6b17af\" data-element_type=\"widget\" data-widget_type=\"text-editor.default\">\n\t\t\t\t<div class=\"elementor-widget-container\">\n\t\t\t\t\t\t\t<div class=\"elementor-element elementor-element-5d2e547 e-con-full e-flex e-con e-child\" data-id=\"5d2e547\" data-element_type=\"container\" data-settings=\"{&quot;_ha_eqh_enable&quot;:false}\"><div class=\"elementor-element elementor-element-ff0a3f1 elementor-widget-mobile__width-initial elementor-widget elementor-widget-text-editor animated fadeInLeft\" data-id=\"ff0a3f1\" data-element_type=\"widget\" data-settings=\"{&quot;_animation&quot;:&quot;fadeInLeft&quot;,&quot;_animation_delay&quot;:200}\" data-widget_type=\"text-editor.default\"><div class=\"elementor-widget-container\"><p>Asesoramiento en la aplicaci\u00f3n de la normativa contable, tanto en el \u00e1mbito internacional, como con la normativa nacional (Plan General de Contabilidad y dem\u00e1s normativa sectorial). An\u00e1lisis del impacto fiscal en relaci\u00f3n con la aplicaci\u00f3n de la contabilidad.<\/p><\/div><\/div><\/div>\t\t\t\t\t\t<\/div>\n\t\t\t\t<\/div>\n\t\t\t\t\t<\/div>\n\t\t\t\t<\/div>\n\t\t<div class=\"elementor-element elementor-element-6f50f06c e-flex e-con-boxed wpr-particle-no wpr-jarallax-no wpr-parallax-no wpr-sticky-section-no elementor-invisible e-con e-parent\" data-id=\"6f50f06c\" data-element_type=\"container\" data-settings=\"{&quot;animation&quot;:&quot;fadeInLeft&quot;,&quot;background_background&quot;:&quot;classic&quot;}\">\n\t\t\t\t\t<div class=\"e-con-inner\">\n\t\t<div class=\"elementor-element elementor-element-249650c4 e-con-full e-flex wpr-particle-no wpr-jarallax-no wpr-parallax-no wpr-sticky-section-no e-con e-child\" data-id=\"249650c4\" data-element_type=\"container\">\n\t\t\t\t<div class=\"elementor-element elementor-element-62e7148 elementor-widget elementor-widget-spacer\" data-id=\"62e7148\" data-element_type=\"widget\" data-widget_type=\"spacer.default\">\n\t\t\t\t<div class=\"elementor-widget-container\">\n\t\t\t\t\t<div class=\"elementor-spacer\">\n\t\t\t<div class=\"elementor-spacer-inner\"><\/div>\n\t\t<\/div>\n\t\t\t\t<\/div>\n\t\t\t\t<\/div>\n\t\t\t\t<div class=\"elementor-element elementor-element-400b12ef eael-flip-box--3d eael-flipbox-content-align-center elementor-widget elementor-widget-eael-flip-box\" data-id=\"400b12ef\" data-element_type=\"widget\" data-widget_type=\"eael-flip-box.default\">\n\t\t\t\t<div class=\"elementor-widget-container\">\n\t\t\t\n        <div class=\"eael-elements-flip-box-container eael-animate-flip eael-animate-left eael-content eael-flip-box-hover\">\n\n            <a class=\"eael-elements-flip-box-flip-card\" href=\"#\">\n                <div class=\"eael-elements-flip-box-front-container\">\n\n                    \n                        <div class=\"eael-elements-slider-display-table\">\n                            <div class=\"eael-elements-flip-box-vertical-align\">\n                                <div class=\"eael-elements-flip-box-padding\">\n                                    <div class=\"eael-elements-flip-box-icon-image\">\n                                                                                                                                                                        <\/div>\n                                    <h3 class=\"eael-elements-flip-box-heading\">An\u00e1lisis e informes contables<\/h3>                                    <div class=\"eael-elements-flip-box-content\">\n\t                                                                        <\/div>\n                                <\/div>\n                            <\/div>\n                        <\/div>\n                                    <\/div>\n\n                <div class=\"eael-elements-flip-box-rear-container\">\n\n                                            <div class=\"eael-elements-slider-display-table\">\n                            <div class=\"eael-elements-flip-box-vertical-align\">\n                                <div class=\"eael-elements-flip-box-padding\">\n                                                                            <div class=\"eael-elements-flip-box-icon-image\">\n                                                                                            <\/div>\n                                                                                                            <div class=\"eael-elements-flip-box-content\">\n                                        <p>Realizaci\u00f3n de informes peri\u00f3dicos sobre la evoluci\u00f3n contable de la empresa para que puedas optimizar la gesti\u00f3n empresarial y tomar las mejores decisiones operativas y estrat\u00e9gicas. Analizar la situaci\u00f3n econ\u00f3mica de tu empresa garantiza un crecimiento constante y seguro.<\/p>                                    <\/div>\n\n                                                                    <\/div>\n                            <\/div>\n                        <\/div>\n                                    <\/div>\n            <\/a>\n        <\/div>\n\n        <script>\n            jQuery(document).ready(function( $ ) {\n                $(\".eael-flip-box-click\").off('click').on( 'click', function( event ) {\n                    $(this).toggleClass( '--active' );\n                });\n            });\n        <\/script>\n\n\t\t<\/div>\n\t\t\t\t<\/div>\n\t\t\t\t<div class=\"elementor-element elementor-element-df55abf elementor-widget elementor-widget-spacer\" data-id=\"df55abf\" data-element_type=\"widget\" data-widget_type=\"spacer.default\">\n\t\t\t\t<div class=\"elementor-widget-container\">\n\t\t\t\t\t<div class=\"elementor-spacer\">\n\t\t\t<div class=\"elementor-spacer-inner\"><\/div>\n\t\t<\/div>\n\t\t\t\t<\/div>\n\t\t\t\t<\/div>\n\t\t\t\t<\/div>\n\t\t<div class=\"elementor-element elementor-element-1cec645a e-con-full e-flex wpr-particle-no wpr-jarallax-no wpr-parallax-no wpr-sticky-section-no e-con e-child\" data-id=\"1cec645a\" data-element_type=\"container\">\n\t\t\t\t<div class=\"elementor-element elementor-element-8c910d9 elementor-widget elementor-widget-spacer\" data-id=\"8c910d9\" data-element_type=\"widget\" data-widget_type=\"spacer.default\">\n\t\t\t\t<div class=\"elementor-widget-container\">\n\t\t\t\t\t<div class=\"elementor-spacer\">\n\t\t\t<div class=\"elementor-spacer-inner\"><\/div>\n\t\t<\/div>\n\t\t\t\t<\/div>\n\t\t\t\t<\/div>\n\t\t\t\t<div class=\"elementor-element elementor-element-1acac468 eael-flip-box--3d eael-flipbox-content-align-center elementor-widget elementor-widget-eael-flip-box\" data-id=\"1acac468\" data-element_type=\"widget\" data-widget_type=\"eael-flip-box.default\">\n\t\t\t\t<div class=\"elementor-widget-container\">\n\t\t\t\n        <div class=\"eael-elements-flip-box-container eael-animate-flip eael-animate-left eael-content eael-flip-box-hover\">\n\n            <a class=\"eael-elements-flip-box-flip-card\" href=\"#\">\n                <div class=\"eael-elements-flip-box-front-container\">\n\n                    \n                        <div class=\"eael-elements-slider-display-table\">\n                            <div class=\"eael-elements-flip-box-vertical-align\">\n                                <div class=\"eael-elements-flip-box-padding\">\n                                    <div class=\"eael-elements-flip-box-icon-image\">\n                                                                                                                                                                        <\/div>\n                                    <h3 class=\"eael-elements-flip-box-heading\">Confecci\u00f3n de contabilidades<\/h3>                                    <div class=\"eael-elements-flip-box-content\">\n\t                                                                        <\/div>\n                                <\/div>\n                            <\/div>\n                        <\/div>\n                                    <\/div>\n\n                <div class=\"eael-elements-flip-box-rear-container\">\n\n                                            <div class=\"eael-elements-slider-display-table\">\n                            <div class=\"eael-elements-flip-box-vertical-align\">\n                                <div class=\"eael-elements-flip-box-padding\">\n                                                                            <div class=\"eael-elements-flip-box-icon-image\">\n                                                                                            <\/div>\n                                                                                                            <div class=\"eael-elements-flip-box-content\">\n                                        <p>Como asesores contables en Ja\u00e9n ofrecemos una contabilidad de tu empresa ordenada, r\u00e1pida y transparente con un exhaustivo control de la tesorer\u00eda para que en todo momento puedas conocer la realidad econ\u00f3mica de tu negocio.<\/p>                                    <\/div>\n\n                                                                    <\/div>\n                            <\/div>\n                        <\/div>\n                                    <\/div>\n            <\/a>\n        <\/div>\n\n        <script>\n            jQuery(document).ready(function( $ ) {\n                $(\".eael-flip-box-click\").off('click').on( 'click', function( event ) {\n                    $(this).toggleClass( '--active' );\n                });\n            });\n        <\/script>\n\n\t\t<\/div>\n\t\t\t\t<\/div>\n\t\t\t\t<div class=\"elementor-element elementor-element-31c5238 elementor-widget elementor-widget-spacer\" data-id=\"31c5238\" data-element_type=\"widget\" data-widget_type=\"spacer.default\">\n\t\t\t\t<div class=\"elementor-widget-container\">\n\t\t\t\t\t<div class=\"elementor-spacer\">\n\t\t\t<div class=\"elementor-spacer-inner\"><\/div>\n\t\t<\/div>\n\t\t\t\t<\/div>\n\t\t\t\t<\/div>\n\t\t\t\t<\/div>\n\t\t<div class=\"elementor-element elementor-element-347cfe1f e-con-full e-flex wpr-particle-no wpr-jarallax-no wpr-parallax-no wpr-sticky-section-no e-con e-child\" data-id=\"347cfe1f\" data-element_type=\"container\">\n\t\t\t\t<div class=\"elementor-element elementor-element-a8a7981 elementor-widget elementor-widget-spacer\" data-id=\"a8a7981\" data-element_type=\"widget\" data-widget_type=\"spacer.default\">\n\t\t\t\t<div class=\"elementor-widget-container\">\n\t\t\t\t\t<div class=\"elementor-spacer\">\n\t\t\t<div class=\"elementor-spacer-inner\"><\/div>\n\t\t<\/div>\n\t\t\t\t<\/div>\n\t\t\t\t<\/div>\n\t\t\t\t<div class=\"elementor-element elementor-element-3e228b2e eael-flip-box--3d eael-flipbox-content-align-center elementor-widget elementor-widget-eael-flip-box\" data-id=\"3e228b2e\" data-element_type=\"widget\" data-widget_type=\"eael-flip-box.default\">\n\t\t\t\t<div class=\"elementor-widget-container\">\n\t\t\t\n        <div class=\"eael-elements-flip-box-container eael-animate-flip eael-animate-left eael-content eael-flip-box-hover\">\n\n            <a class=\"eael-elements-flip-box-flip-card\" href=\"#\">\n                <div class=\"eael-elements-flip-box-front-container\">\n\n                    \n                        <div class=\"eael-elements-slider-display-table\">\n                            <div class=\"eael-elements-flip-box-vertical-align\">\n                                <div class=\"eael-elements-flip-box-padding\">\n                                    <div class=\"eael-elements-flip-box-icon-image\">\n                                                                                                                                                                        <\/div>\n                                    <h3 class=\"eael-elements-flip-box-heading\">Libros Contables<\/h3>                                    <div class=\"eael-elements-flip-box-content\">\n\t                                                                        <\/div>\n                                <\/div>\n                            <\/div>\n                        <\/div>\n                                    <\/div>\n\n                <div class=\"eael-elements-flip-box-rear-container\">\n\n                                            <div class=\"eael-elements-slider-display-table\">\n                            <div class=\"eael-elements-flip-box-vertical-align\">\n                                <div class=\"eael-elements-flip-box-padding\">\n                                                                            <div class=\"eael-elements-flip-box-icon-image\">\n                                                                                            <\/div>\n                                                                                                            <div class=\"eael-elements-flip-box-content\">\n                                        <p>Elaboraci\u00f3n y Legalizaci\u00f3n de libros oficiales de contabilidad: Libro Diario, Libro Mayor, Libro de Balances.<\/p>                                    <\/div>\n\n                                                                    <\/div>\n                            <\/div>\n                        <\/div>\n                                    <\/div>\n            <\/a>\n        <\/div>\n\n        <script>\n            jQuery(document).ready(function( $ ) {\n                $(\".eael-flip-box-click\").off('click').on( 'click', function( event ) {\n                    $(this).toggleClass( '--active' );\n                });\n            });\n        <\/script>\n\n\t\t<\/div>\n\t\t\t\t<\/div>\n\t\t\t\t<div class=\"elementor-element elementor-element-07ced1f elementor-widget elementor-widget-spacer\" data-id=\"07ced1f\" data-element_type=\"widget\" data-widget_type=\"spacer.default\">\n\t\t\t\t<div class=\"elementor-widget-container\">\n\t\t\t\t\t<div class=\"elementor-spacer\">\n\t\t\t<div class=\"elementor-spacer-inner\"><\/div>\n\t\t<\/div>\n\t\t\t\t<\/div>\n\t\t\t\t<\/div>\n\t\t\t\t<\/div>\n\t\t\t\t\t<\/div>\n\t\t\t\t<\/div>\n\t\t\t\t<\/div>\n\t\t","protected":false},"excerpt":{"rendered":"<p>Contabilidad Asesoramiento contable Asesoramiento en la aplicaci\u00f3n de la normativa contable, tanto en el \u00e1mbito internacional, como con la normativa nacional (Plan General de Contabilidad y dem\u00e1s normativa sectorial). An\u00e1lisis del impacto fiscal en relaci\u00f3n con la aplicaci\u00f3n de la contabilidad. An\u00e1lisis e informes contables Realizaci\u00f3n de informes peri\u00f3dicos sobre la evoluci\u00f3n contable de la empresa para que puedas optimizar la gesti\u00f3n empresarial y tomar las mejores decisiones operativas y estrat\u00e9gicas. Analizar la situaci\u00f3n econ\u00f3mica de tu empresa garantiza un crecimiento constante y seguro. Confecci\u00f3n de contabilidades Como asesores contables en Ja\u00e9n ofrecemos una contabilidad de tu empresa ordenada, r\u00e1pida y transparente con un exhaustivo control de la tesorer\u00eda para que en todo momento puedas conocer la realidad econ\u00f3mica de tu negocio. Libros Contables Elaboraci\u00f3n y Legalizaci\u00f3n de libros oficiales de contabilidad: Libro Diario, Libro Mayor, Libro de Balances.<\/p>\n","protected":false},"author":1,"featured_media":0,"parent":0,"menu_order":0,"comment_status":"closed","ping_status":"closed","template":"","meta":{"footnotes":""},"class_list":["post-20","page","type-page","status-publish","hentry"],"yoast_head":"<!-- This site is optimized with the Yoast SEO plugin v23.8 - https:\/\/yoast.com\/wordpress\/plugins\/seo\/ -->\n<title>Contabilidad - Moral Morago - Asesor\u00eda Contable-Fiscal y Laboral<\/title>\n<meta name=\"robots\" content=\"index, follow, max-snippet:-1, max-image-preview:large, max-video-preview:-1\" \/>\n<link rel=\"canonical\" href=\"https:\/\/moralmoragoasesores.deditec.dev\/index.php\/contabilidad\/\" \/>\n<meta property=\"og:locale\" content=\"es_ES\" \/>\n<meta property=\"og:type\" content=\"article\" \/>\n<meta property=\"og:title\" content=\"Contabilidad - Moral Morago - Asesor\u00eda Contable-Fiscal y Laboral\" \/>\n<meta property=\"og:description\" content=\"Contabilidad Asesoramiento contable Asesoramiento en la aplicaci\u00f3n de la normativa contable, tanto en el \u00e1mbito internacional, como con la normativa nacional (Plan General de Contabilidad y dem\u00e1s normativa sectorial). An\u00e1lisis del impacto fiscal en relaci\u00f3n con la aplicaci\u00f3n de la contabilidad. An\u00e1lisis e informes contables Realizaci\u00f3n de informes peri\u00f3dicos sobre la evoluci\u00f3n contable de la empresa para que puedas optimizar la gesti\u00f3n empresarial y tomar las mejores decisiones operativas y estrat\u00e9gicas. Analizar la situaci\u00f3n econ\u00f3mica de tu empresa garantiza un crecimiento constante y seguro. Confecci\u00f3n de contabilidades Como asesores contables en Ja\u00e9n ofrecemos una contabilidad de tu empresa ordenada, r\u00e1pida y transparente con un exhaustivo control de la tesorer\u00eda para que en todo momento puedas conocer la realidad econ\u00f3mica de tu negocio. Libros Contables Elaboraci\u00f3n y Legalizaci\u00f3n de libros oficiales de contabilidad: Libro Diario, Libro Mayor, Libro de Balances.\" \/>\n<meta property=\"og:url\" content=\"https:\/\/moralmoragoasesores.deditec.dev\/index.php\/contabilidad\/\" \/>\n<meta property=\"og:site_name\" content=\"Moral Morago - Asesor\u00eda Contable-Fiscal y Laboral\" \/>\n<meta property=\"article:modified_time\" content=\"2024-11-20T07:51:32+00:00\" \/>\n<meta name=\"twitter:card\" content=\"summary_large_image\" \/>\n<meta name=\"twitter:label1\" content=\"Tiempo de lectura\" \/>\n\t<meta name=\"twitter:data1\" content=\"1 minuto\" \/>\n<script type=\"application\/ld+json\" class=\"yoast-schema-graph\">{\"@context\":\"https:\/\/schema.org\",\"@graph\":[{\"@type\":\"WebPage\",\"@id\":\"https:\/\/moralmoragoasesores.deditec.dev\/index.php\/contabilidad\/\",\"url\":\"https:\/\/moralmoragoasesores.deditec.dev\/index.php\/contabilidad\/\",\"name\":\"Contabilidad - Moral Morago - Asesor\u00eda Contable-Fiscal y Laboral\",\"isPartOf\":{\"@id\":\"https:\/\/moralmoragoasesores.deditec.dev\/#website\"},\"datePublished\":\"2024-11-12T07:55:26+00:00\",\"dateModified\":\"2024-11-20T07:51:32+00:00\",\"breadcrumb\":{\"@id\":\"https:\/\/moralmoragoasesores.deditec.dev\/index.php\/contabilidad\/#breadcrumb\"},\"inLanguage\":\"es\",\"potentialAction\":[{\"@type\":\"ReadAction\",\"target\":[\"https:\/\/moralmoragoasesores.deditec.dev\/index.php\/contabilidad\/\"]}]},{\"@type\":\"BreadcrumbList\",\"@id\":\"https:\/\/moralmoragoasesores.deditec.dev\/index.php\/contabilidad\/#breadcrumb\",\"itemListElement\":[{\"@type\":\"ListItem\",\"position\":1,\"name\":\"Portada\",\"item\":\"https:\/\/moralmoragoasesores.deditec.dev\/\"},{\"@type\":\"ListItem\",\"position\":2,\"name\":\"Contabilidad\"}]},{\"@type\":\"WebSite\",\"@id\":\"https:\/\/moralmoragoasesores.deditec.dev\/#website\",\"url\":\"https:\/\/moralmoragoasesores.deditec.dev\/\",\"name\":\"Moral Morago - Asesor\u00eda Contable-Fiscal y Laboral\",\"description\":\"\",\"potentialAction\":[{\"@type\":\"SearchAction\",\"target\":{\"@type\":\"EntryPoint\",\"urlTemplate\":\"https:\/\/moralmoragoasesores.deditec.dev\/?s={search_term_string}\"},\"query-input\":{\"@type\":\"PropertyValueSpecification\",\"valueRequired\":true,\"valueName\":\"search_term_string\"}}],\"inLanguage\":\"es\"}]}<\/script>\n<!-- \/ Yoast SEO plugin. -->","yoast_head_json":{"title":"Contabilidad - Moral Morago - Asesor\u00eda Contable-Fiscal y Laboral","robots":{"index":"index","follow":"follow","max-snippet":"max-snippet:-1","max-image-preview":"max-image-preview:large","max-video-preview":"max-video-preview:-1"},"canonical":"https:\/\/moralmoragoasesores.deditec.dev\/index.php\/contabilidad\/","og_locale":"es_ES","og_type":"article","og_title":"Contabilidad - Moral Morago - Asesor\u00eda Contable-Fiscal y Laboral","og_description":"Contabilidad Asesoramiento contable Asesoramiento en la aplicaci\u00f3n de la normativa contable, tanto en el \u00e1mbito internacional, como con la normativa nacional (Plan General de Contabilidad y dem\u00e1s normativa sectorial). An\u00e1lisis del impacto fiscal en relaci\u00f3n con la aplicaci\u00f3n de la contabilidad. An\u00e1lisis e informes contables Realizaci\u00f3n de informes peri\u00f3dicos sobre la evoluci\u00f3n contable de la empresa para que puedas optimizar la gesti\u00f3n empresarial y tomar las mejores decisiones operativas y estrat\u00e9gicas. Analizar la situaci\u00f3n econ\u00f3mica de tu empresa garantiza un crecimiento constante y seguro. Confecci\u00f3n de contabilidades Como asesores contables en Ja\u00e9n ofrecemos una contabilidad de tu empresa ordenada, r\u00e1pida y transparente con un exhaustivo control de la tesorer\u00eda para que en todo momento puedas conocer la realidad econ\u00f3mica de tu negocio. Libros Contables Elaboraci\u00f3n y Legalizaci\u00f3n de libros oficiales de contabilidad: Libro Diario, Libro Mayor, Libro de Balances.","og_url":"https:\/\/moralmoragoasesores.deditec.dev\/index.php\/contabilidad\/","og_site_name":"Moral Morago - Asesor\u00eda Contable-Fiscal y Laboral","article_modified_time":"2024-11-20T07:51:32+00:00","twitter_card":"summary_large_image","twitter_misc":{"Tiempo de lectura":"1 minuto"},"schema":{"@context":"https:\/\/schema.org","@graph":[{"@type":"WebPage","@id":"https:\/\/moralmoragoasesores.deditec.dev\/index.php\/contabilidad\/","url":"https:\/\/moralmoragoasesores.deditec.dev\/index.php\/contabilidad\/","name":"Contabilidad - Moral Morago - Asesor\u00eda Contable-Fiscal y Laboral","isPartOf":{"@id":"https:\/\/moralmoragoasesores.deditec.dev\/#website"},"datePublished":"2024-11-12T07:55:26+00:00","dateModified":"2024-11-20T07:51:32+00:00","breadcrumb":{"@id":"https:\/\/moralmoragoasesores.deditec.dev\/index.php\/contabilidad\/#breadcrumb"},"inLanguage":"es","potentialAction":[{"@type":"ReadAction","target":["https:\/\/moralmoragoasesores.deditec.dev\/index.php\/contabilidad\/"]}]},{"@type":"BreadcrumbList","@id":"https:\/\/moralmoragoasesores.deditec.dev\/index.php\/contabilidad\/#breadcrumb","itemListElement":[{"@type":"ListItem","position":1,"name":"Portada","item":"https:\/\/moralmoragoasesores.deditec.dev\/"},{"@type":"ListItem","position":2,"name":"Contabilidad"}]},{"@type":"WebSite","@id":"https:\/\/moralmoragoasesores.deditec.dev\/#website","url":"https:\/\/moralmoragoasesores.deditec.dev\/","name":"Moral Morago - Asesor\u00eda Contable-Fiscal y Laboral","description":"","potentialAction":[{"@type":"SearchAction","target":{"@type":"EntryPoint","urlTemplate":"https:\/\/moralmoragoasesores.deditec.dev\/?s={search_term_string}"},"query-input":{"@type":"PropertyValueSpecification","valueRequired":true,"valueName":"search_term_string"}}],"inLanguage":"es"}]}},"_links":{"self":[{"href":"https:\/\/moralmoragoasesores.deditec.dev\/index.php\/wp-json\/wp\/v2\/pages\/20","targetHints":{"allow":["GET"]}}],"collection":[{"href":"https:\/\/moralmoragoasesores.deditec.dev\/index.php\/wp-json\/wp\/v2\/pages"}],"about":[{"href":"https:\/\/moralmoragoasesores.deditec.dev\/index.php\/wp-json\/wp\/v2\/types\/page"}],"author":[{"embeddable":true,"href":"https:\/\/moralmoragoasesores.deditec.dev\/index.php\/wp-json\/wp\/v2\/users\/1"}],"replies":[{"embeddable":true,"href":"https:\/\/moralmoragoasesores.deditec.dev\/index.php\/wp-json\/wp\/v2\/comments?post=20"}],"version-history":[{"count":16,"href":"https:\/\/moralmoragoasesores.deditec.dev\/index.php\/wp-json\/wp\/v2\/pages\/20\/revisions"}],"predecessor-version":[{"id":795,"href":"https:\/\/moralmoragoasesores.deditec.dev\/index.php\/wp-json\/wp\/v2\/pages\/20\/revisions\/795"}],"wp:attachment":[{"href":"https:\/\/moralmoragoasesores.deditec.dev\/index.php\/wp-json\/wp\/v2\/media?parent=20"}],"curies":[{"name":"wp","href":"https:\/\/api.w.org\/{rel}","templated":true}]}}